 79
What are the prime factors of 39602717?
7, 11, 31, 47, 353
List the prime factors of 6326964.
2, 3, 7, 8369
List the prime factors of 22113718.
2, 11, 23, 29, 137
List the prime factors of 318028.
2, 43
List the prime factors of 133631.
133631
What are the prime factors of 178321?
11, 13, 29, 43
What are the prime factors of 2406180?
2, 3, 5, 7, 17, 337
List the prime factors of 1151615.
5, 139, 1657
What are the prime factors of 3730777?
3730777
List the prime factors of 1932182.
2, 7, 79, 1747
List the prime factors of 924879.
3, 308293
What are the prime factors of 17121066?
2, 3, 47, 109, 557
List the prime factors of 158529.
3, 7, 7549
List the prime factors of 17588592.
2, 3, 7, 17449
What are the prime factors of 614050?
2, 5, 12281
What are the prime factors of 915574?
2, 11, 41617
List the prime factors of 1154214.
2, 3, 64123
List the prime factors of 124000.
2, 5, 31
List the prime factors of 94384.
2, 17, 347
What are the prime factors of 2083881?
3, 83, 8369
List the prime factors of 5792094.
2, 3, 7, 11, 199
List the prime factors of 4721411.
4721411
What are the prime factors of 45873590?
2, 5, 7, 655337
What are the prime factors of 34177176?
2, 3, 11, 3923
What are the prime factors of 188005?
5, 19, 1979
List the prime factors of 15614456.
2, 11, 13, 13649
What are the prime factors of 10797307?
10797307
What are the prime factors of 92313?
3, 13, 263
What are the prime factors of 83997?
3, 17, 61
List the prime factors of 5106723.
3, 31, 43, 1277
List the prime factors of 25954563.
3, 17, 508913
List the prime factors of 257067.
3, 9521
What are the prime factors of 46459?
7, 6637
List the prime factors of 19202379.
3, 7, 29, 31531
List the prime factors of 14075178.
2, 3, 13, 31, 5821
What are the prime factors of 15017137?
17, 23, 193, 199
List the prime factors of 294707.
7, 42101
What are the prime factors of 1459601?
11, 13, 59, 173
List the prime factors of 376765.
5, 75353
List the prime factors of 421628.
2, 105407
List the prime factors of 186654.
2, 3, 13, 2393
What are the prime factors of 2482472?
2, 227, 1367
List the prime factors of 2771790.
2, 3, 5, 7, 67, 197
What are the prime factors of 12635202?
2, 3, 107, 19681
List the prime factors of 1159548.
2, 3, 13, 7433
What are the prime factors of 26653721?
26653721
List the prime factors of 1413763.
13, 108751
What are the prime factors of 2588223?
3, 11, 107, 733
List the prime factors of 17791916.
2, 137, 32467
What are the prime factors of 104253?
3, 19, 31, 59
List the prime factors of 1447315.
5, 289463
What are the prime factors of 880536?
2, 3, 19, 1931
List the prime factors of 36954.
2, 3, 2053
List the prime factors of 5070776.
2, 37, 463
What are the prime factors of 334481?
7, 71, 673
What are the prime factors of 954462?
2, 3, 271, 587
List the prime factors of 14526247.
137, 106031
List the prime factors of 256067.
7, 157, 233
What are the prime factors of 1073760?
2, 3, 5, 2237
List the prime factors of 453098.
2, 226549
List the prime factors of 2948195.
5, 589639
List the prime factors of 426800.
2, 5, 11, 97
List the prime factors of 820420.
2, 5, 17, 19, 127
What are the prime factors of 6684689?
11, 17, 35747
List the prime factors of 12060774.
2, 3, 11, 60913
What are the prime factors of 4077874?
2, 1021, 1997
List the prime factors of 242524.
2, 60631
What are the prime factors of 1375365?
3, 5, 91691
What are the prime factors of 97740?
2, 3, 5, 181
What are the prime factors of 14869985?
5, 13, 17, 13457
What are the prime factors of 13289?
97, 137
List the prime factors of 1176543.
3, 31, 4217
List the prime factors of 42061.
42061
What are the prime factors of 6296491?
6296491
What are the prime factors of 21992188?
2, 5498047
List the prime factors of 10745767.
463, 23209
What are the prime factors of 104969?
37, 2837
What are the prime factors of 360017?
7, 51431
What are the prime factors of 4536708?
2, 3, 11, 34369
List the prime factors of 79039.
79039
What are the prime factors of 147965?
5, 101, 293
What are the prime factors of 5902099?
7, 23, 5237
What are the prime factors of 4258568?
2, 17, 173, 181
List the prime factors of 10037796.
2, 3, 839, 997
What are the prime factors of 20769003?
3, 59, 39113
List the prime factors of 122268.
2, 3, 23, 443
What are the prime factors of 759858?
2, 3, 11, 29, 397
What are the prime factors of 667702?
2, 7, 37, 1289
List the prime factors of 4587911.
19, 241469
What are the prime factors of 321981?
3, 11, 887
What are the prime factors of 5559332?
2, 1389833
List the prime factors of 221676.
2, 3, 7, 13, 29
List the prime factors of 1384285.
5, 7, 39551
What are the prime factors of 14730497?
347, 42451
What are the prime factors of 641722?
2, 320861
List the prime factors of 3592531.
23, 109, 1433
List the prime factors of 2250004.
2, 562501
What are the prime factors of 10703?
7, 11, 139
List the prime factors of 205439.
13, 15803
What are the prime factors of 3132968?
2, 23, 17027
What are the prime factors of 633939?
3, 211313
What are the prime factors of 22044929?
2113, 10433
What are the prime factors of 194955?
3, 5, 41, 317
What are the prime factors of 10823028?
2, 3, 901919
List the prime factors of 290194.
2, 373, 389
What are the prime factors of 214230?
2, 3, 5, 37, 193
What are the prime factors of 3867053?
83, 46591
List the prime factors of 592532.
2, 41, 3613
What are the prime factors of 2222496?
2, 3, 7717
What are the prime factors of 12134?
2, 6067
What are the prime factors of 15948927?
3, 29, 20369
What are the prime factors of 2676689?
2676689
List the prime factors of 435075.
3, 5, 5801
What are the prime factors of 25080662?
2, 12540331
List the prime factors of 452846.
2, 17, 19, 701
What are the prime factors of 165810?
2, 3, 5, 5527
What are the prime factors of 1545368?
2, 11, 17, 1033
What are the prime factors of 973827?
3, 108203
What are the prime factors of 206533?
17, 12149
What are the prime factors of 8373961?
8373961
List the prime factors of 908375.
5, 13, 43
List the prime factors of 1585137.
3, 23, 22973
List the prime factors of 165572.
2, 11, 53, 71
List the prime factors of 889064.
2, 11, 10103
What are the prime factors of 755726?
2, 379, 997
List the prime factors of 7182638.
2, 31, 115849
What are the prime factors of 5260373?
79, 66587
List the prime factors of 15613647.
3, 7, 743507
List the prime factors of 592443.
3, 65827
What are the prime factors of 488093?
43, 11351
What are the prime factors of 4320292?
2, 1080073
What are the prime factors of 135442?
2, 241, 281
List the prime factors of 161906.
2, 80953
What are the prime factors of 200311?
17, 11783
List the prime factors of 10509311.
2683, 3917
What are the prime factors of 534348?
2, 3, 14843
What are the prime factors of 11450939?
19, 47, 12823
What are the prime factors of 9864973?
101, 97673
List the prime factors of 77933.
77933
List the prime factors of 3470350.
2, 5, 13, 19, 281
What are the prime factors of 873560?
2, 5, 21839
What are the prime factors of 347152?
2, 13, 1669
What are the prime factors of 622942?
2, 331, 941
List the prime factors of 2014932.
2, 3, 167911
List the prime factors of 909876.
2, 3, 11, 61, 113
List the prime factors of 1714865.
5, 67, 5119
List the prime factors of 322905.
3, 5, 11, 19, 103
What are the prime factors of 525483?
3, 7, 19, 439
List the prime factors of 4429058.
2, 463, 4783
What are the prime factors of 390743?
390743
What are the prime factors of 158625?
3, 5, 47
What are the prime factors of 581739?
3, 23, 8431
What are the prime factors of 85871?
43, 1997
What are the prime factors of 3859603?
11, 19, 59, 313
List the prime factors of 814266.
2, 3, 17, 887
List the prime factors of 1450899.
3, 17, 29, 109
List the prime factors of 2426457.
3, 11, 73529
What are the prime factors of 1489174?
2, 103, 7229
List the prime factors of 2833574.
2, 107, 13241
What are the prime factors of 4059918?
2, 3, 283, 797
List the prime factors of 4289061.
3, 7, 167, 1223
What are the prime factors of 7219272?
2, 3, 233, 1291
What are the prime factors of 6032664?
2, 3, 11, 2539
List the prime factors of 8549794.
2, 11, 569, 683
What are the prime factors of 211144?
2, 26393
What are the prime factors of 1318926?
2, 3, 7, 31, 1